e
Is 4660 a multiple of 20?
True
Does 19 divide 2763?
False
Is 679 a multiple of 36?
False
Is 77 a factor of 13706?
True
Is 23 a factor of 1058?
True
Is 21 a factor of 84?
True
Is 57 a factor of 1667?
False
Does 41 divide 861?
True
Is 384 a multiple of 12?
True
Does 27 divide 108?
True
Is 532 a multiple of 12?
False
Is 585 a multiple of 15?
True
Is 1615 a multiple of 85?
True
Does 313 divide 39554?
False
Is 735 a multiple of 49?
True
Is 4 a factor of 1400?
True
Is 26 a factor of 1211?
False
Is 28 a factor of 39732?
True
Is 70 a factor of 5460?
True
Does 51 divide 3111?
True
Is 9392 a multiple of 21?
False
Is 36 a factor of 2772?
True
Is 2 a factor of 112?
True
Is 660 a multiple of 4?
True
Does 8 divide 1168?
True
Is 14677 a multiple of 25?
False
Is 9 a factor of 2829?
False
Is 119 a factor of 1071?
True
Is 4 a factor of 886?
False
Is 16 a factor of 76480?
True
Is 3187 a multiple of 10?
False
Is 10 a factor of 3084?
False
Is 13475 a multiple of 49?
True
Is 183 a factor of 21045?
True
Is 89120 a multiple of 20?
True
Is 63 a factor of 54979?
False
Is 10 a factor of 1000?
True
Is 153 a factor of 765?
True
Is 266 a factor of 48412?
True
Is 30 a factor of 2964?
False
Is 2618 a multiple of 187?
True
Is 277 a multiple of 13?
False
Does 5 divide 15931?
False
Is 22 a factor of 1936?
True
Is 15 a factor of 1110?
True
Is 28284 a multiple of 8?
False
Is 48646 a multiple of 126?
False
Is 46 a factor of 1143?
False
Is 7 a factor of 367?
False
Is 1160 a multiple of 115?
False
Does 31 divide 10292?
True
Does 49 divide 4312?
True
Is 31 a factor of 3715?
False
Is 12 a factor of 1728?
True
Is 132 a factor of 6732?
True
Is 2546 a multiple of 77?
False
Is 6 a factor of 48?
True
Is 306 a factor of 54162?
True
Is 20 a factor of 3640?
True
Is 19000 a multiple of 25?
True
Is 17 a factor of 812?
False
Is 4708 a multiple of 2?
True
Does 36 divide 29656?
False
Is 24 a factor of 1700?
False
Is 44957 a multiple of 19?
False
Is 140 a multiple of 10?
True
Is 253 a multiple of 23?
True
Does 76 divide 62230?
False
Does 2 divide 105?
False
Does 6 divide 235?
False
Is 23 a factor of 588?
False
Is 12 a factor of 26208?
True
Is 1662 a multiple of 34?
False
Does 16 divide 1574?
False
Does 9 divide 226?
False
Is 281 a multiple of 8?
False
Is 12012 a multiple of 154?
True
Is 9 a factor of 16056?
True
Is 76 a factor of 451?
False
Is 55 a factor of 361?
False
Is 4 a factor of 281?
False
Is 14 a factor of 16628?
False
Is 11181 a multiple of 50?
False
Does 99 divide 647?
False
Does 131 divide 524?
True
Is 6 a factor of 41?
False
Is 12 a factor of 658?
False
Is 6618 a multiple of 13?
False
Is 36 a factor of 1205?
False
Is 26 a factor of 1326?
True
Does 7 divide 29023?
False
Is 13454 a multiple of 14?
True
Is 8 a factor of 9024?
True
Is 10277 a multiple of 140?
False
Does 24 divide 1752?
True
Is 27 a factor of 3462?
False
Is 623 a multiple of 58?
False
Is 12 a factor of 1752?
True
Is 133 a factor of 45619?
True
Does 14 divide 3318?
True
Is 3116 a multiple of 82?
True
Does 11 divide 60?
False
Is 7 a factor of 27?
False
Is 8 a factor of 115?
False
Is 11 a factor of 4588?
False
Is 101 a factor of 14746?
True
Is 8021 a multiple of 42?
False
Is 2448 a multiple of 34?
True
Is 599 a multiple of 8?
False
Is 88033 a multiple of 183?
False
Is 723 a multiple of 27?
False
Is 38 a factor of 2850?
True
Is 84355 a multiple of 27?
False
Is 15276 a multiple of 26?
False
Is 68 a factor of 2177?
False
Is 58 a factor of 40775?
False
Is 9325 a multiple of 27?
False
Is 119 a factor of 5318?
False
Is 111 a factor of 6327?
True
Does 27 divide 10385?
False
Is 197 a factor of 31055?
False
Is 30789 a multiple of 60?
False
Is 13881 a multiple of 197?
False
Is 18 a factor of 1091?
False
Does 21 divide 10395?
True
Is 27 a multiple of 3?
True
Does 162 divide 41310?
True
Is 20 a factor of 5280?
True
Is 9 a factor of 9?
True
Is 59 a factor of 8850?
True
Is 52 a factor of 843?
False
Does 184 divide 16744?
True
Is 12 a factor of 353?
False
Does 10 divide 3050?
True
Is 13333 a multiple of 67?
True
Does 31 divide 134261?
True
Is 4 a factor of 353?
False
Is 860 a multiple of 215?
True
Does 13 divide 8106?
False
Is 7673 a multiple of 84?
False
Is 97 a factor of 1249?
False
Does 39 divide 148?
False
Is 987 a multiple of 24?
False
Is 39 a factor of 8702?
False
Is 42 a factor of 1176?
True
Is 13 a factor of 2314?
True
Is 12 a factor of 116?
False
Does 6 divide 538?
False
Is 11040 a multiple of 60?
True
Is 16 a factor of 9062?
False
Does 26 divide 29446?
False
Is 24964 a multiple of 79?
True
Does 145 divide 6731?
False
Is 20349 a multiple of 19?
True
Does 5 divide 599?
False
Is 1224 a multiple of 4?
True
Does 13 divide 658?
False
Does 3 divide 1911?
True
Is 1291 a multiple of 3?
False
Is 74 a factor of 1406?
True
Does 17 divide 4164?
False
Is 26398 a multiple of 67?
True
Is 72 a factor of 185?
False
Is 49 a factor of 882?
True
Is 1320 a multiple of 55?
True
Is 41 a factor of 14596?
True
Is 2325 a multiple of 7?
False
Is 18655 a multiple of 41?
True
Is 759 a multiple of 14?
False
Is 38 a factor of 20022?
False
Is 33 a factor of 7008?
False
Is 30 even?
True
Does 100 divide 100?
True
Is 19 a factor of 913?
False
Does 6 divide 342?
True
Is 27 a factor of 22331?
False
Does 72 divide 14472?
True
Does 8 divide 1072?
True
Is 2871 a multiple of 9?
True
Is 7 a factor of 6978?
False
Is 6 a factor of 1975?
False
Is 24 a factor of 587?
False
Does 58 divide 7324?
False
Does 6 divide 128?
False
Does 60 divide 2185?
False
Does 19 divide 144?
False
Is 8064 a multiple of 4?
True
Does 9 divide 3861?
True
Does 47 divide 3196?
True
Does 10 divide 158?
False
Does 19 divide 4954?
False
Does 24 divide 4512?
True
Is 5543 a multiple of 12?
False
Is 16 a factor of 8704?
True
Is 4 a factor of 343?
False
Is 23 a factor of 2778?
False
Is 9198 a multiple of 60?
False
Is 16530 a multiple of 114?
True
Is 13 a factor of 286?
True
Is 557 a multiple of 24?
False
Does 17 divide 4811?
True
Is 1742 a multiple of 113?
False
Is 5 a factor of 175?
True
Is 115 a factor of 8100?
False
Is 44 a factor of 2815?
False
Does 29 divide 780?
False
Does 37 divide 1591?
True
Is 86 a factor of 15895?
False
Does 6 divide 2646?
True
Is 14 a factor of 22682?
False
Is 7089 a multiple of 17?
True
Does 28 divide 420?
True
Is 4488 a multiple of 136?
True
Is 20 a factor of 106720?
True
Does 43 divide 4730?
True
Does 37 divide 1650?
False
Is 140 a factor of 17301?
False
Is 256 a factor of 21715?
False
Is 4500 a multiple of 18?
True
Is 1833 a multiple of 47?
True
Does 21 divide 11235?
True
Is 10780 a multiple of 15?
False
Does 10 divide 4536?
False
Is 1640 a multiple of 82?
True
Is 1749 a multiple of 21?
False
Is 2358 a multiple of 11?
False
Is 7 a factor of 5019?
True
Is 11 a factor of 2508?
True
Is 2552 a multiple of 22?
True
Does 13 divide 641?
False
Is 20 a factor of 12080?
True
Is 32787 a multiple of 9?
True
Is 662 even?
True
Is 7 a factor of 208?
False
Is 2069 a multiple of 58?
False
Does 51 divide 1326?
True
Is 13 a factor of 1632?
False
Is 4680 a multiple of 10?
True
Does 47 divide 403?
False
Does 73 divide 17327?
False
Is 23 a factor of 3358?
True
Is 532 a multiple of 14?
True
Is 18 a factor of 562?
False
Is 16 a factor of 1952?
True
Does 10 divide 240?
True
Is 24 a factor of 1482?
False
Is 17 a factor of 2008?
False
Is 31882 a multiple of 19?
True
Is 44 a factor of 1241?
False
Is 266 a multiple of 14?
True
Is 3 a factor of 828?
True
Is 15 a factor of 52?
False
Does 7 divide 224?
True
Is 212 a factor of 6122?
False
Is 25315 a multiple of 149?
False
Is 2 a factor of 40?
True
Is 143154 a multiple of 99?
True
Does 5 divide 787?
False
Is 25 a factor of 10402?
False
Is 2619 a multiple of 161?
False
Does 7 divide 4793?
False
Is 1814 a multiple of 79?
False
Is 236 even?
True
Does 10 divide 1390?
True
Is 9 a factor of 180?
True
Is 8 a factor of 114?
False
Is 86 a factor of 1342?
False
Does 3 divide 3019?
False
Is 877 a multiple of 5?
False
Does 4 divide 66?
False
Is 1360 a multiple of 80?
True
Is 5 a factor of 62?
False
Is 13 a factor of 1424?
False
Is 1514 a multiple of 4?
False
Is 139 a factor of 20572?
True
Does 24 divide 792?
True
Does 18 divide 2680?
False
Is 20692 a multiple of 14?
True
Does 79 divide 12640?
True
Is 9263 a multiple of 157?
True
Is 6 a factor of 18440?
False
Is 3626 a 